159
What is 0 (base 14) in base 13?
0
Convert -231 (base 7) to base 15.
-80
Convert -a (base 11) to base 16.
-a
Convert -e (base 16) to base 3.
-112
What is -11211 (base 4) in base 9?
-436
15 (base 10) to base 6
23
What is -140 (base 10) in base 2?
-10001100
What is -257 (base 9) in base 12?
-15a
Convert -c0 (base 13) to base 7.
-312
Convert 5 (base 13) to base 16.
5
-136 (base 11) to base 2
-10100000
Convert 8 (base 11) to base 15.
8
Convert -2 (base 14) to base 9.
-2
What is -33 (base 12) in base 7?
-54
What is 32 (base 4) in base 13?
11
Convert 3 (base 16) to base 6.
3
208 (base 9) to base 3
20022
What is 100011 (base 2) in base 4?
203
-33 (base 8) to base 12
-23
What is -144 (base 7) in base 11?
-74
What is 20 (base 8) in base 14?
12
-51 (base 6) to base 3
-1011
-53 (base 7) to base 13
-2c
1101 (base 4) to base 11
74
33 (base 8) to base 6
43
What is 158 (base 9) in base 6?
342
-231 (base 4) to base 7
-63
What is 1011101 (base 2) in base 15?
63
What is -10 (base 4) in base 11?
-4
What is 54 (base 7) in base 5?
124
Convert 233 (base 4) to base 2.
101111
Convert -13 (base 4) to base 3.
-21
What is -114 (base 5) in base 6?
-54
-332 (base 6) to base 2
-10000000
Convert -2000 (base 3) to base 10.
-54
What is 9 (base 15) in base 4?
21
What is 200 (base 3) in base 4?
102
What is -9 (base 11) in base 7?
-12
What is -2120 (base 3) in base 11?
-63
Convert -12 (base 4) to base 14.
-6
Convert -4 (base 16) to base 15.
-4
Convert 10 (base 3) to base 10.
3
Convert -2 (base 12) to base 3.
-2
4 (base 15) to base 14
4
What is b0 (base 13) in base 8?
217
Convert -29 (base 13) to base 4.
-203
What is -98 (base 10) in base 8?
-142
What is 8 (base 9) in base 15?
8
-5 (base 12) to base 11
-5
What is -49 (base 14) in base 11?
-5a
Convert -11 (base 5) to base 11.
-6
Convert -14 (base 8) to base 4.
-30
What is -b3 (base 15) in base 8?
-250
What is -522 (base 8) in base 13?
-200
What is 1011 (base 3) in base 2?
11111
-b (base 13) to base 12
-b
Convert -1 (base 3) to base 9.
-1
Convert 126 (base 13) to base 7.
405
-210 (base 3) to base 10
-21
-12 (base 12) to base 6
-22
Convert 2 (base 11) to base 4.
2
Convert -100 (base 5) to base 2.
-11001
110 (base 2) to base 9
6
What is 200 (base 3) in base 14?
14
What is -49 (base 10) in base 3?
-1211
What is -50 (base 8) in base 15?
-2a
What is 1 (base 3) in base 11?
1
What is -4 (base 9) in base 8?
-4
Convert -523 (base 7) to base 13.
-172
What is -222 (base 3) in base 8?
-32
Convert 1 (base 6) to base 4.
1
35 (base 10) to base 4
203
Convert -64 (base 10) to base 12.
-54
30 (base 7) to base 11
1a
Convert 1000 (base 3) to base 2.
11011
6 (base 9) to base 14
6
22 (base 11) to base 13
1b
0 (base 4) to base 5
0
-61 (base 10) to base 11
-56
What is -3 (base 10) in base 6?
-3
What is -22 (base 11) in base 16?
-18
What is 120 (base 6) in base 8?
60
6 (base 13) to base 4
12
What is -5 (base 15) in base 12?
-5
Convert -4a (base 13) to base 8.
-76
What is 3 (base 5) in base 9?
3
What is -35 (base 14) in base 11?
-43
What is -12 (base 9) in base 14?
-b
-103 (base 4) to base 9
-21
Convert 6 (base 9) to base 3.
20
d (base 15) to base 16
d
What is 5 (base 6) in base 3?
12
3 (base 6) to base 15
3
What is -10 (base 3) in base 11?
-3
-3 (base 8) to base 6
-3
What is -2 (base 4) in base 5?
-2
What is -3 (base 14) in base 3?
-10
-33 (base 6) to base 7
-30
-3 (base 5) to base 7
-3
Convert -101 (base 4) to base 7.
-23
Convert -4 (base 13) to base 8.
-4
Convert 15 (base 8) to base 7.
16
-3 (base 11) to base 15
-3
-6 (base 10) to base 13
-6
Convert 7 (base 8) to base 5.
12
What is -3 (base 10) in base 2?
-11
-3 (base 9) to base 10
-3
What is -a7 (base 12) in base 8?
-177
What is 5 (base 16) in base 5?
10
-5 (base 15) to base 13
-5
What is 5 (base 16) in base 14?
5
What is 3 (base 11) in base 8?
3
-341 (base 5) to base 12
-80
What is 3 (base 8) in base 14?
3
What is 1a3 (base 11) in base 12?
176
Convert 10 (base 2) to base 6.
2
15 (base 8) to base 6
21
Convert 12222 (base 3) to base 15.
ab
Convert 2 (base 11) to base 3.
2
Convert -133 (base 9) to base 16.
-6f
-15 (base 8) to base 2
-1101
What is -201 (base 5) in base 14?
-39
-3 (base 12) to base 6
-3
Convert 1 (base 16) to base 8.
1
-2 (base 12) to base 8
-2
What is 18 (base 14) in base 8?
26
What is -7 (base 12) in base 4?
-13
-2 (base 12) to base 2
-10
What is 25 (base 12) in base 10?
29
-1d (base 15) to base 5
-103
15f (base 16) to base 12
253
-4 (base 16) to base 14
-4
What is -15 (base 9) in base 15?
-e
Convert 4b (base 13) to base 10.
63
12 (base 13) to base 15
10
Convert -45 (base 13) to base 4.
-321
Convert -2e (base 15) to base 3.
-1122
bb (base 16) to base 14
d5
-16 (base 12) to base 15
-13
-19 (base 14) to base 5
-43
0 (base 6) to base 14
0
Convert 48 (base 12) to base 8.
70
What is -10 (base 7) in base 16?
-7
Convert b (base 13) to base 15.
b
-10000 (base 2) to base 10
-16
-32 (base 14) to base 9
-48
Convert -2 (base 12) to base 9.
-2
Convert 21 (base 14) to base 2.
11101
What is 6 (base 13) in base 4?
12
What is 0 (base 4) in base 15?
0
Convert 8 (base 14) to base 4.
20
Convert 122 (base 4) to base 15.
1b
Convert -3 (base 8) to base 11.
-3
What is -4 (base 16) in base 3?
-11
What is 31 (base 4) in base 5?
23
Convert -67 (base 12) to base 7.
-142
-15 (base 14) to base 8
-23
What is -164 (base 8) in base 5?
-431
-3 (base 12) to base 10
-3
What is 3 (base 9) in base 16?
3
Convert -301 (base 4) to base 15.
-34
What is -4 (base 6) in base 14?
-4
-10000 (base 3) to base 16
-51
What is -4 (base 10) in base 7?
-4
What is -112 (base 3) in base 8?
-16
-10 (base 3) to base 4
-3
What is 16 (base 7) in base 2?
1101
21 (base 3) to base 11
7
-1c (base 15) to base 7
-36
13 (base 9) to base 6
20
What is -2 (base 6) in base 15?
-2
Convert -15 (base 14) to base 15.
-14
What is 2a (base 16) in base 11?
39
Convert -1 (base 10) to base 12.
-1
What is 1046 (base 7) in base 15?
1a2
What is -4 (base 8) in base 14?
-4
Convert -1022 (base 3) to base 4.
-203
-a (base 14) to base 8
-12
3 (base 10) to base 6
3
What is 101 (base 4) in base 12?
15
Convert -8 (base 12) to base 16.
-8
-2 (base 14) to base 6
-2
What is -500 (base 6) in base 5?
-1210
0 (base 16) to base 9
0
Convert -b1 (base 13) to base 8.
-220
17 (base 9) to base 15
11
-7 (base 10) to base 12
-7
Convert 2 (base 5) to base 16.
2
Convert 231 (base 7) to base 9.
143
-3 (base 16) to base 7
-3
What is 131 (base 14) in base 10?
239
23 (base 13) to base 16
1d
48 (base 10) to base 9
53
Convert 3 (base 12) to base 4.
3
-7 (base 8) to base 16
-7
-1 (base 7) to base 2
-1
22 (base 3) to base 9
8
15 (base 6) to base 14
b
-3 (base 13) to base 2
-11
What is 13 (base 14) in base 4?
101
-3 (base 5) to base 6
-3
Convert -17 (base 12) to base 2.
-10011
Convert 13 (base 4) to base 7.
10
What is -102000 (base 3) in base 4?
-10221
What is 5 (base 9) in base 2?
101
10 (base 10) to base 4
22
0 (base 12) to base 4
0
What is -81 (base 14) in base 16?
-71
-101 (base 4) to base 3
-122
Convert 2 (base 3) to base 16.
2
What is 14 (base 7) in base 5?
21
Convert 2 (base 10) to base 8.
2
-276 (base 10) to base 11
-231
-48 (base 14) to base 6
-144
What is 3 (base 8) in base 2?
11
2 (base 9) to base 13
2
What is 345 (base 6) in base 2?
10001001
3 (base 10) to base 16
3
Convert -3 (base 15) to base 10.
-3
What is 2 (base 9) in base 2?
10
112 (base 5) to base 3
1012
Convert -12 (base 6) to base 9.
-8
What is -2102 (base 3) in base 5?
-230
Convert -15 (base 14) to base 15.
-14
What is 22 (base 10) in base 16?
16
What is -12 (base 14) in base 16?
-10
What is -100100 (base 2) in base 5?
-121
Convert 13c (base 13) to base 16.
dc
What is -1 (base 11) in base 9?
-1
Convert -36 (base 9) to base 5.
-113
Convert -15 (base 10) to base 4.
-33
10 (base 15) to base 14
11
6 (base 15) to base 12
6
Convert -1 (base 15) to base 12.
-1
a7 (base 16) to base 11
142
What is 2 (base 12) in base 2?
10
What is 33 (base 6) in base 3?
210
Convert 5 (base 16) to base 13.
5
Convert 4 (base 10) to base 16.
4
What is 0 (base 12) in base 3?
0
What is -19 (base 11) in base 15?
-15
What is -62 (base 12) in base 15?
-4e
What is 2 (base 13) in base 11?
2
Convert -8a (base 14) to base 6.
-322
What is -20 (base 14) in base 16?
-1c
Convert 100000 (base 2) to base 5.
112
What is -41 (base 7) in base 4?
-131
Convert 0 (base 5)